7
Let g = 635 + -893. Let m = 253 + g. Let r(z) = -3*z - 2. Let b(n) = 4*n + 2. Let q(l) = 5*b(l) + 6*r(l). What is q(m)?
-12
Let a(p) = 4*p**2 + 7*p - 6. Let l be 4/6 - ((-21)/(-5))/((-270)/(-300)). Give a(l).
30
Let o = -391 - -396. Let y(s) = 2*s - 8*s + 7*s + o - 3. Calculate y(7).
9
Let u(s) = 2511*s**3 - 8 - 2512*s**3 + 9 + 14 - 3*s**2. What is u(3)?
-39
Let l(s) = 12*s + 2*s - 29*s + 189 - 34*s - 621. Determine l(-9).
9
Let o(z) = 2*z - 1. Let t be o(-1). Let x(k) = 4 - 1 + 2 + 2*k - 1 + k. Calculate x(t).
-5
Let l(u) be the third derivative of -2*u**4/3 + 77*u**3/6 + u**2 + 10*u + 8. Calculate l(6).
-19
Let g(p) = -3*p + 36. Let x be (1632/(-216))/(-34)*1*63. Calculate g(x).
-6
Let f(r) = 21*r. Let b(s) = 4*s**2 - 156*s + 6. Let t(q) = b(q) + 6*f(q). Calculate t(7).
-8
Suppose 36*a + 527 = -49. Let v(w) = -7*w - 114. Give v(a).
-2
Let i = -333 + 342. Let d(b) = i - 7 - b + 0 + 3 - 3. Give d(13).
-11
Let h(z) = z + 7. Suppose -3*i + 4 = 5*a, -3*i - 8 = i. Suppose 5*n - 14 = -a*n. Suppose 4*u + n = -10. Determine h(u).
4
Let l(w) = -w**3 + 15*w**2 - 24*w - 23. Suppose -574*f + 566*f + 104 = 0. Give l(f).
3
Let y(m) = 1. Let l(o) = 5*o + 20. Let u(q) = l(q) - 15*y(q). Determine u(8).
45
Let v be (50 + -43)*(-24)/(-14). Suppose -3*r + v = -9*r. Let y(j) = 3*j + 4*j**2 - 6*j**2 + 3 - 2. What is y(r)?
-13
Let s(r) = -8*r - 4. Suppose q + 2 = 0, -2*t = 3*q + 2 + 2. Let c(h) = -h. Let b(w) = t*s(w) - 6*c(w). Suppose 0 = 8*j + 33 + 7. Calculate b(j).
6
Let s(f) = -8*f - 125. Let p(l) = l**3 + 9*l**2 - 92*l - 45. Let m be p(-15). Calculate s(m).
-5
Let a(y) = -15*y**2 + 2*y. Let l(f) = -62*f**2 + f + 18. Let z(q) = -4*a(q) + l(q). Determine z(2).
-4
Let f(a) = -4*a + 7*a + 5*a + 6*a + 148 + 8*a. Let g be f(-7). Let x(c) = -5 + 6*c**2 + c + 2*c + c**3 - 5*c. What is x(g)?
7
Let y(s) = 9*s - 9. Let t be 297/165 + (-4)/5. Let g(b) = b - 1. Suppose 11*z - 18*z = 42. Let h(n) = t*y(n) + z*g(n). What is h(-5)?
-18
Let r(o) = 2*o**2 + 96*o - 3 + 105*o - 205*o - 3. Let k be r(3). Let b(x) = -x**2 + x - 16. Determine b(k).
-16
Let h = -454 - -525. Suppose 0 = 50*j - 29 - h. Let r(y) be the first derivative of -y**2 + y + 1. Determine r(j).
-3
Let a(f) be the second derivative of 1/3*f**3 - 9 - 7/2*f**2 - 1/20*f**5 + 3/4*f**4 - 8*f. Calculate a(9).
11
Let v(m) = -2*m. Let o = 194 - 166. Suppose -98 = 14*l + o. Calculate v(l).
18
Let k(w) = -4*w**2 + 6*w - 4. Let r(s) = -s + 1. Let q = 80 - 85. Let l(o) = q*r(o) - k(o). Let h be l(1). Let d(x) = -2*x**3 - 2*x**2 + x - 2. What is d(h)?
-24
Let a(m) = -7*m - 26. Suppose -d - 4*d = 12*d + 68. Calculate a(d).
2
Let c(d) = 2*d + 2. Let p = 217 - 304. Let f = -83 - p. Let b be 12/f*(-4)/(-6). Give c(b).
6
Let b = 90 - 92. Let c(j) = j + 1. Let t(i) = -22 - i - 19 + 41. Let q(g) = -2*c(g) + t(g). What is q(b)?
4
Let d(z) = 4*z**2 - z - 1. Let g be d(-1). Suppose 5*i = -5*n, 4*i - g*n = -i. Let t(y) be the third derivative of -y**5/60 - 5*y**3/6 - 66*y**2. Give t(i).
-5
Let q(g) be the first derivative of -7*g**2/2 + 88*g + 4396. Determine q(18).
-38
Let h be (-50)/5 + -3 + (-10 - -10). Let z(o) = o + 30. What is z(h)?
17
Let o(f) = 40*f**3 + 16*f**2 + f - 26. Let m(d) = 9*d**3 + 4*d**2 - 6. Let g(l) = -9*m(l) + 2*o(l). Let q be -13 + -4 + 11 + 4. Give g(q).
-10
Let x(f) = -8 + 10*f**2 - 2 + 3 + f - 27*f**2 + 16*f**2. Calculate x(3).
-13
Let k = 104 - 106. Let v(r) be the first derivative of -r**5/120 - r**4/8 - 10*r**3 - 3. Let o(u) be the third derivative of v(u). Determine o(k).
-1
Let f(p) = 2*p**2 + 45*p + 15. Suppose 7*b - 2*b = 2*m + 59, 3 = b. Let c be f(m). Let t(g) = 5 + 415*g + 1 - 416*g. Determine t(c).
13
Let r(y) = -y**3 - 7*y**2 - y - 9. Let d be r(-7). Let u be (-4)/(-4) + (2 - 0) + d. Let p(t) = -2*t - 3 + u - 2*t**2 - 3*t + 3*t**2. Give p(5).
-2
Suppose -17 = r + r + 3*d, 2*r + 7 = -d. Let b(v) be the first derivative of -1 - v - 1/2*v**2 + 9/4*v**4 - 1/3*v**3. Give b(r).
-10
Let m(h) = -5*h**3 + 36*h**2 - 79*h + 32. Let d(j) = -7*j**3 + 41*j**2 - 82*j + 31. Let r(f) = 3*d(f) - 4*m(f). Calculate r(-24).
13
Let x(q) = q**3 + 8*q**2 + 4*q - 16. Let l be x(-7). Let r be (l/4)/((-18)/(-72)). Let o(s) = r*s - 10*s + 4*s + 1 + 0. Give o(6).
-5
Let z(f) = 4*f**3 + f**2 + f - 6. Let m(o) = 13*o**3 + 6*o**2 - 2*o - 16. Let t(n) = m(n) - 3*z(n). Determine t(-5).
-23
Suppose 3*y - 10 = 8*y. Let o(v) be the second derivative of -v**4/6 - 2*v**3/3 - 2*v**2 - 23*v. Let j be o(y). Let g(w) = w**2 + 3*w + 2. Calculate g(j).
6
Let o(s) = -s**3 + 26*s**2 - 46*s - 53. Suppose -x - 900*t + 903*t + 18 = 0, -3*x = t - 74. Calculate o(x).
-5
Let m(g) = 6*g**2 + 5*g + 7. Let h = -2742 + 2739. Determine m(h).
46
Suppose -r - 158 = -156. Let q be ((-16)/10 + 2)*(r + -3). Let t(x) = -8 - 6*x**2 + 2*x + 3*x**2 + 11. Determine t(q).
-13
Let p = -58753 + 58744. Let a(v) be the second derivative of -v**2 - v + 0 + 3/2*v**3 + 1/12*v**4. Determine a(p).
-2
Let g = 2651 + -2651. Let d = 11 - 6. Suppose g = p - 2*l - d, -2*p + 5*l = -0*l - 11. Let s(o) = 3*o - 2. Calculate s(p).
7
Suppose 28*n = 30*n - 4. Suppose 14*w = 10*w + 8. Let x(u) = 9*u - 2 - 13*u + 0*u**w - 3*u**n. Calculate x(-2).
-6
Let l(t) be the third derivative of -t**4/8 + 17*t**3/6 - 791*t**2. Give l(-8).
41
Let y(c) = -4*c**2 - 3*c - 1. Let n(b) be the third derivative of 11*b**4/8 - b**3/3 - b**2 - 98. Let v be n(0). Give y(v).
-11
Let a(o) = -o**3 + 10*o**2 - 5. Let z = 399 - 405. Let d be (330/(-44))/(z/8). What is a(d)?
-5
Let z(a) = -a**2 - 7*a - 12. Let t(i) = 21*i - 202. Let l be t(9). Determine z(l).
-90
Let n(a) = a**3 + 22*a**2 + 21*a + 28. Let o = 651 - 672. What is n(o)?
28
Let a(f) = f**2 + 7*f + 4. Let r(o) = -o + 3. Let w(q) = a(q) + 2*r(q). What is w(-3)?
4
Let c = -22 - -24. Let z(k) = 11*k**3 - 5*k**2 - 11*k + 15. Let i(s) = 5*s**3 - 2*s**2 - 5*s + 7. Let h(y) = -13*i(y) + 6*z(y). What is h(c)?
-11
Let x = 12 + -7. Suppose -x*r - 3 = -13. Let y(n) = -6*n + 6*n - 2 + 2*n. Determine y(r).
2
Let m(x) = x**2 - 103*x - 2449. Let b be m(123). Let f(o) = -o**3 + 17*o**2 - 66*o - 5. Determine f(b).
-5
Suppose 0 = -3*p - 2*w + 8, 13*w - 17*w = -4. Let j(a) = 75*a - 144. Calculate j(p).
6
Let t(i) = i**3 + 19*i**2 + 8*i - 1. Let s be t(-19). Let a = -160 - s. Let w(k) = k**3 + 8*k**2 + 7*k + 6. What is w(a)?
6
Let n(g) = g**2 + 9*g - 6. Suppose -5*d + 24 = d. Suppose -y + 5*v - 13 = 0, -d*y + 3*v = -0 + 1. Suppose y*f - 4*i = -34, 0 = -2*f - i + 2*i - 22. Give n(f).
-6
Suppose 9 - 17 = -w. Let r be 16/w*((-75)/2)/(-5). Suppose d = 4*m - r, -5*m + 9 = -5*d - 7*m. Let s(b) = b**3 + 4. Determine s(d).
-23
Let g(n) = n**3 - 2*n**2 + n - 3. Let k be g(4). Let w(o) = -32*o + k*o**3 + 1 + 32*o. Determine w(-1).
-32
Let i(a) = -3*a - 13. Let w(g) be the second derivative of -g**3 - 12*g**2 + 79*g. Let c(f) = 5*i(f) - 3*w(f). What is c(-6)?
-11
Let s be (2/(-13))/(34/(-1105)). Let o(d) = -18*d + 96. Give o(s).
6
Let b(h) = 4*h**3 - 9*h**3 + 4*h**3 - h**2 + 4*h. Let d(t) = 10*t + 368. Let u be d(-35). Suppose -19*j + u*j + 3 = 0. Give b(j).
-24
Suppose -8*g + 60 = 21 - 17. Let q(n) = -n**2 + 7*n - 15. Calculate q(g).
-15
Let q(s) = 10*s**3 - 11*s**2 + s + 7. Let f(t) = -20*t**3 + 20*t**2 - 2*t - 13. Suppose -9 = -8*v + 79. Let l(n) = v*q(n) + 6*f(n). Calculate l(-1).
9
Let s be ((-2 - -4) + -3)*-9 - 5. Let b(k) = k**2 + 2*k**2 - 3*k**3 - 2*k + s*k**3 - 8*k**2 - 7. Give b(5).
-17
Let g(b) = b**2 - b + 4. Suppose 9*i - 8*i - 5 = 0. Suppose 5*k - 5*j + 260 = 0, i*k - j = -4*j - 252. Let a = -48 - k. Give g(a).
10
Let o = -412 - -412. Suppose 6*l - 35 - 7 = o. Let s(r) = r**3 - 6*r**2 - 9*r + 12. What is s(l)?
-2
Suppose 3*k = -4*t - 18 - 9, -2*k = 3*t + 19. Let j(w) = -w**2 - 4*w + 5. Let q be j(-4). Let f(g) = -2*g**2 + 2*g - q*g + 6 + g**2. Give f(k).
-4
Let r(o) = o**2 - 8*o + 3. Let w be 70/21*(7 - 11/2). Give r(w).
-12
Suppose -24*j - 5*p = -28*j + 2329, -j + p + 583 = 0. Suppose 583 - j = m. Let w(k) = 2*k**3 + 2*k**3 - 3*k**3 + 4*k + 3*k**2 + 3. Give w(m).
-9
Let t(z) be the third derivative of z**4/2 - z**3/2 - 29*z**2 - 1. Calculate t(0).
-3
Suppose 3 = -3*n + 6. Let o(r) be the second derivative of -r**5/5 + r**3/6 - r**2 - 1336*r. Let w be o(n). Let z(q) = q**3 + 5*q**2 - q - 2. Give z(w).
3
Let c(n) be the second derivative of 0 + 7/2*n**2 - n - 1/6*n